3 = -8*t + z. Calculate the highest common factor of 52 and t.
13
Suppose -m = -5*g - 155, 4*m + 6*g - 11*g = 560. Calculate the greatest common factor of m and 108.
27
Suppose -4*z - 1 = -5. Let d be (28/42)/(z/(-6)). Let p be (-215 - -3)/d - -1. Calculate the greatest common factor of p and 6.
6
Let m = 1365 - 1329. Calculate the highest common factor of 27 and m.
9
Let p be (-40)/(-8)*(58/5 - 4). What is the greatest common divisor of p and 152?
38
Let i = -389 + 2339. What is the highest common factor of i and 13?
13
Let t(a) be the first derivative of a**4/4 + 23*a**3/3 + 48*a - 19. Let v be t(-23). Calculate the greatest common factor of 72 and v.
24
Suppose -20 = -5*q - c, -3*q = 4*c - 17 - 12. Suppose -2*s = -4*n - 62, -q*n + 21 = 5*s - 4*s. What is the greatest common divisor of 108 and s?
27
Let p be (6/21 - 257/(-7)) + -1. Let x = -31 + 55. What is the highest common factor of p and x?
12
Let a(m) = -2*m + 14. Let u be a(7). Let t be (-1)/((u - -1)/(-17)). Calculate the greatest common factor of t and 102.
17
Let h(u) = 3*u**3 - u**2 - 9*u + 235. Let p be h(0). What is the highest common divisor of 141 and p?
47
Suppose 4*r + 6 = 6*r. Suppose 0 = 4*n - 3*c - 19 - 16, 5*c = r*n - 40. Suppose 0 = -n*u - 0*u + 30. What is the greatest common factor of 48 and u?
6
Let q be (-105520)/(-260) + (-12)/(-78). What is the highest common divisor of q and 42?
14
Let f = 7 + -9. Let k(u) = -3*u + 6. Let y be k(f). What is the greatest common factor of y and 12?
12
Let c be (-3 - 1)*(-1)/(-2). Suppose -4*i + 518 + 314 = 0. Let p be c/(-6) + i/24. What is the greatest common divisor of 3 and p?
3
Let p(g) = 14*g + 24. Let l be p(0). What is the greatest common divisor of 24 and l?
24
Suppose -z = -6 - 5. Suppose -3*s - s = 4. Let d be (1 + 43)/(s/(-2)). Calculate the greatest common factor of z and d.
11
Let j(s) = -65*s - 372. Let g be j(-6). Let b be 3 - 2/((-2)/51). What is the greatest common factor of g and b?
18
Suppose -3*h - 2*l = -1 + 3, -3*l - 3 = -h. Suppose -5*a + 263 = -3*s, -4*a + s + 0*s + 216 = h. What is the greatest common divisor of a and 22?
11
Suppose r = 5*r - 800. Let w = -4 - 1. Let o = w + 30. Calculate the greatest common divisor of o and r.
25
Let m be (12 - 0)/(24/224). Calculate the greatest common divisor of m and 32.
16
Let k = 80 - 40. Suppose 2*d = -3 + 69. Let u be 44/d*(13 - -1 - 2). What is the highest common factor of u and k?
8
Suppose 4*q = -0*q + 152. Let u(n) = -2*n + 21. Let p be u(-18). Calculate the highest common factor of q and p.
19
Let a = -17 + 1. Let z be 12 - (4 - a/(-4)). Calculate the highest common factor of z and 4.
4
Let b = -13 + 26. Let c = 11 - b. Let m = 3 - c. Calculate the greatest common factor of m and 20.
5
Let u = -16 + 16. Suppose -3*d + 8*d - 10 = u. Suppose 2*j - 30 = 3*v, 0*j + d*v = j - 16. Calculate the highest common divisor of j and 3.
3
Let b(r) = r**3 + 9*r**2 + 2*r + 20. Let k be b(-9). Suppose -d - k = 4*g, 3*g = -3*d + 2*g + 16. Calculate the greatest common divisor of d and 66.
6
Let t = -87 + 125. Let v be (-4)/12*(-1 + -56). What is the highest common divisor of t and v?
19
Suppose 4*j - 146 = -2*u, 4*j - 14*u + 13*u = 143. Calculate the greatest common divisor of j and 64.
4
Let y = 1022 - 549. What is the highest common divisor of 43 and y?
43
Let w = 492 - 472. Let h = 11 - 6. What is the greatest common factor of w and h?
5
Let w = -570 + 1076. Calculate the greatest common divisor of w and 22.
22
Let q(b) = -66*b**3 - 2*b**2 - 7*b - 6. Let v be q(-2). Calculate the highest common divisor of v and 99.
33
Suppose 52 = 4*j + 4*n, -2*j = 2*j + n - 46. Suppose 371 = 3*o - 4*d, -5*o - d + 531 = -72. Calculate the highest common factor of o and j.
11
Let y be (-39 - 4)/((-3)/3). Suppose y + 5 = x. Calculate the greatest common factor of 72 and x.
24
Let s = 10 + 7. Let l be (8/(-6))/((-10)/105). Let f be 1/(-7) + 2620/l. Calculate the highest common factor of f and s.
17
Let b(j) = 42*j + 72. Let u(n) = 21*n + 36. Let o(x) = 4*b(x) - 9*u(x). Let v be o(-9). Calculate the highest common factor of v and 9.
9
Let w be -4 + 13/((-26)/276). Let g = w + 230. Calculate the highest common divisor of 11 and g.
11
Let q = -12 - -18. Let y = q + -1. Let a = -7 + 9. Calculate the greatest common divisor of a and y.
1
Let n be (0 + 1)*(-9 + 31). Suppose 0 = f + 4*f + l - n, f = -3*l + 10. Suppose -f*p = -2*p - 14. Calculate the highest common factor of p and 77.
7
Suppose 13 = 4*q - s, 9*q + 2*s = 7*q + 14. Let m be 9/(51/84 + (-2)/q). Let t be 21/(1 - (-3)/(-12)). Calculate the highest common divisor of m and t.
28
Let y be ((-4)/2)/((-10)/135). Let n(z) = -12*z + 4. Let c be n(4). Let j = 71 + c. Calculate the greatest common factor of j and y.
27
Let k(b) = -6*b**3. Let l be k(-1). Let r = -86 + -33. Let q = r + 123. Calculate the highest common divisor of q and l.
2
Let v = 167 + 207. Calculate the highest common divisor of v and 34.
34
Let j(i) = -6*i - 108. Let n be j(-19). Calculate the greatest common factor of n and 12.
6
Let r(n) be the third derivative of n**5/60 + 7*n**4/8 - 10*n**3/3 - 11*n**2. Let h be r(-22). What is the greatest common factor of h and 8?
2
Let p = 1103 - 1066. Calculate the greatest common divisor of 74 and p.
37
Let j be -1*(-1 + 6)*-4. Calculate the highest common factor of j and 68.
4
Let f(r) be the third derivative of 11*r**5/15 + r**4/12 - r**3/6 + 4*r**2. Let v be f(1). Let y = 66 - v. Calculate the highest common factor of y and 7.
7
Let b = -363 + 380. What is the greatest common factor of b and 85?
17
Suppose 29*c - 10886 = 8196. What is the highest common divisor of c and 14?
14
Let k be (-39)/(-104) - 6133/(-8). Suppose 0 = j - 3, 310 = -5*c + j + k. Calculate the highest common divisor of c and 23.
23
Let z = 309 - -131. Let j = -921 + z. Let g = 691 + j. Calculate the highest common factor of g and 21.
21
Suppose 704 + 146 = 17*l. Calculate the highest common factor of 125 and l.
25
Let a be (-1981)/(-28) + -5 - (-3)/(-4). Let q = -63 + a. What is the greatest common divisor of 16 and q?
2
Let x(w) = 67*w + 679. Let g be x(-10). Suppose -2*m = -10, -l + 3*m + 52 = -m. Calculate the greatest common factor of l and g.
9
Let s(g) = -26*g + 2. Let q be s(-3). Suppose -4*c + 62 = -3*d - 17, -q = -4*c + 4*d. What is the greatest common factor of c and 190?
19
Let z(j) = -j + 3. Let b be z(3). Suppose -l + 0*l + 3 = b. Calculate the highest common factor of 27 and l.
3
Let h(v) = -v**3 + 25*v**2 + 28*v - 22. Let r(y) = y**3 + 6*y**2 + 4*y + 10. Let q be r(-4). Let m be h(q). What is the greatest common divisor of m and 10?
10
Let u = -707 + 712. What is the greatest common divisor of u and 245?
5
Let g be 3 + (-5 + 3)*-5. Let q be (2 + 0)*g/2. Let s = 281 + -151. Calculate the greatest common divisor of q and s.
13
Let z = -22 + 34. What is the greatest common divisor of z and 20?
4
Suppose 0 = -3*j - 0*j + 273. Let t be (6/4)/(6/(-1320)*-15). Suppose -23*n + t*n = -13. Calculate the highest common factor of j and n.
13
Suppose -4*s + 3*m + 115 = 0, 7 - 32 = -s + 2*m. Let f be (-217)/(8/((-64)/8)). Calculate the highest common factor of f and s.
31
Let b(s) = 3*s - 4. Let j(f) = 2*f + 2. Let i be j(1). Let h be b(i). Let x be (-4)/(h/(-142)) - 2. What is the greatest common factor of x and 23?
23
Let p(w) = -w - 2. Let t be p(-6). Let u be -2 - (-11 - (-3 + 3)). Let d be u/((-2 + 3)/4). What is the greatest common divisor of d and t?
4
Let l(q) = -q + 3. Let c(v) = -v + 6. Let a(u) = 2*c(u) - 5*l(u). Let k be a(4). Calculate the highest common divisor of k and 1.
1
Let x(h) = -4*h**2 - 4*h - 1. Let p be x(-3). Let r = p + 29. Calculate the highest common divisor of 36 and r.
4
Let j(u) = -u**3 - 4*u**2 + 8*u + 4. Let v be j(-5). Suppose -11*i + 8*i = 0. Let t = i - v. What is the highest common divisor of t and 11?
11
Let b be (2*((-20)/8 + -3) - -7)*-13. Suppose -5*g + 0*r = -3*r - 207, -2*g + 82 = -r. Calculate the highest common factor of g and b.
13
Let y = -46 + 52. Let j be 11/(297/y) + (-194)/(-18). Calculate the greatest common divisor of 99 and j.
11
Let r(y) = -y**3 + 20*y**2 + 46*y - 34. Let g be r(22). Calculate the highest common factor of g and 110.
10
Suppose -3*a + 2*b + 118 = 0, -a + 3 + 8 = 5*b. Calculate the greatest c